{"id":3,"date":"2022-10-09T20:43:34","date_gmt":"2022-10-09T18:43:34","guid":{"rendered":"http:\/\/deloxygene.fr\/?page_id=3"},"modified":"2022-10-17T01:36:11","modified_gmt":"2022-10-16T23:36:11","slug":"politique-de-confidentialite","status":"publish","type":"page","link":"https:\/\/deloxygene.fr\/index.php\/politique-de-confidentialite\/","title":{"rendered":"Politique de confidentialit\u00e9"},"content":{"rendered":"\n<h2 class=\"wp-block-heading\">Qui sommes-nous&nbsp;?<\/h2>\n\n\n\n<p>L\u2019adresse de notre site est&nbsp;: <a href=\"http:\/\/deloxygene.fr\" target=\"_blank\" rel=\"noreferrer noopener\">http:\/\/deloxygene.fr<\/a>.<\/p>\n\n\n\n<h2 class=\"wp-block-heading\">Commentaires<\/h2>\n\n\n\n<p>Quand vous laissez un commentaire sur notre site, les donn\u00e9es inscrites dans le formulaire de commentaire, mais aussi votre adresse IP et l\u2019agent utilisateur de votre navigateur sont collect\u00e9s pour nous aider \u00e0 la d\u00e9tection des commentaires ind\u00e9sirables.<\/p>\n\n\n\n<p>Une cha\u00eene anonymis\u00e9e cr\u00e9\u00e9e \u00e0 partir de votre adresse e-mail (\u00e9galement appel\u00e9e hash) peut \u00eatre envoy\u00e9e au service Gravatar pour v\u00e9rifier si vous utilisez ce dernier. Les clauses de confidentialit\u00e9 du service Gravatar sont disponibles ici&nbsp;: https:\/\/automattic.com\/privacy\/. Apr\u00e8s validation de votre commentaire, votre photo de profil sera visible publiquement \u00e0 cot\u00e9 de votre commentaire.<\/p>\n\n\n\n<h2 class=\"wp-block-heading\">M\u00e9dias<\/h2>\n\n\n\n<p>Si vous t\u00e9l\u00e9versez des images sur le site, nous vous conseillons d\u2019\u00e9viter de t\u00e9l\u00e9verser des images contenant des donn\u00e9es EXIF de coordonn\u00e9es GPS. Les personnes visitant votre site peuvent t\u00e9l\u00e9charger et extraire des donn\u00e9es de localisation depuis ces images.<\/p>\n\n\n\n<h2 class=\"wp-block-heading\">Cookies<\/h2>\n\n\n\n<p>Si vous d\u00e9posez un commentaire sur notre site, il vous sera propos\u00e9 d\u2019enregistrer votre nom, adresse e-mail et site dans des cookies. C\u2019est uniquement pour votre confort afin de ne pas avoir \u00e0 saisir ces informations si vous d\u00e9posez un autre commentaire plus tard. Ces cookies expirent au bout d\u2019un an.<\/p>\n\n\n\n<p>Si vous vous rendez sur la page de connexion, un cookie temporaire sera cr\u00e9\u00e9 afin de d\u00e9terminer si votre navigateur accepte les cookies. Il ne contient pas de donn\u00e9es personnelles et sera supprim\u00e9 automatiquement \u00e0 la fermeture de votre navigateur.<\/p>\n\n\n\n<p>Lorsque vous vous connecterez, nous mettrons en place un certain nombre de cookies pour enregistrer vos informations de connexion et vos pr\u00e9f\u00e9rences d\u2019\u00e9cran. La dur\u00e9e de vie d\u2019un cookie de connexion est de deux jours, celle d\u2019un cookie d\u2019option d\u2019\u00e9cran est d\u2019un an. Si vous cochez \u00ab&nbsp;Se souvenir de moi&nbsp;\u00bb, votre cookie de connexion sera conserv\u00e9 pendant deux semaines. Si vous vous d\u00e9connectez de votre compte, le cookie de connexion sera effac\u00e9.<\/p>\n\n\n\n<p>En modifiant ou en publiant une publication, un cookie suppl\u00e9mentaire sera enregistr\u00e9 dans votre navigateur. Ce cookie ne comprend aucune donn\u00e9e personnelle. Il indique simplement l\u2019ID de la publication que vous venez de modifier. Il expire au bout d\u2019un jour.<\/p>\n\n\n\n<p>Nous utilisons Matomo Analytics sur notre site web pour recueillir des statistiques de fr\u00e9quentation.\u00a0<\/p>\n\n\n\n<h2 class=\"wp-block-heading\">Contenu embarqu\u00e9 depuis d\u2019autres sites<\/h2>\n\n\n\n<p>Les articles de ce site peuvent inclure des contenus int\u00e9gr\u00e9s (par exemple des vid\u00e9os, images, articles\u2026). Le contenu int\u00e9gr\u00e9 depuis d\u2019autres sites se comporte de la m\u00eame mani\u00e8re que si le visiteur se rendait sur cet autre site.<\/p>\n\n\n\n<p>Ces sites web pourraient collecter des donn\u00e9es sur vous, utiliser des cookies, embarquer des outils de suivis tiers, suivre vos interactions avec ces contenus embarqu\u00e9s si vous disposez d\u2019un compte connect\u00e9 sur leur site web.<\/p>\n\n\n\n<h2 class=\"wp-block-heading\">Utilisation et transmission de vos donn\u00e9es personnelles<\/h2>\n\n\n\n<p>Si vous demandez une r\u00e9initialisation de votre mot de passe, votre adresse IP sera incluse dans l\u2019e-mail de r\u00e9initialisation.<\/p>\n\n\n\n<h2 class=\"wp-block-heading\">Dur\u00e9es de stockage de vos donn\u00e9es<\/h2>\n\n\n\n<p>Si vous laissez un commentaire, le commentaire et ses m\u00e9tadonn\u00e9es sont conserv\u00e9s ind\u00e9finiment. Cela permet de reconna\u00eetre et approuver automatiquement les commentaires suivants au lieu de les laisser dans la file de mod\u00e9ration.<\/p>\n\n\n\n<p>Pour les comptes qui s\u2019inscrivent sur notre site (le cas \u00e9ch\u00e9ant), nous stockons \u00e9galement les donn\u00e9es personnelles indiqu\u00e9es dans leur profil. Tous les comptes peuvent voir, modifier ou supprimer leurs informations personnelles \u00e0 tout moment (\u00e0 l\u2019exception de leur identifiant). Les gestionnaires du site peuvent aussi voir et modifier ces informations.<\/p>\n\n\n\n<h2 class=\"wp-block-heading\">Les droits que vous avez sur vos donn\u00e9es<\/h2>\n\n\n\n<p>Si vous avez un compte ou si vous avez laiss\u00e9 des commentaires sur le site, vous pouvez demander \u00e0 recevoir un fichier contenant toutes les donn\u00e9es personnelles que nous poss\u00e9dons \u00e0 votre sujet, incluant celles que vous nous avez fournies. Vous pouvez \u00e9galement demander la suppression des donn\u00e9es personnelles vous concernant. Cela ne prend pas en compte les donn\u00e9es stock\u00e9es \u00e0 des fins administratives, l\u00e9gales ou pour des raisons de s\u00e9curit\u00e9.<\/p>\n\n\n\n<h2 class=\"wp-block-heading\">Transmission de vos donn\u00e9es personnelles<\/h2>\n\n\n\n<p>Les commentaires des visiteurs peuvent \u00eatre v\u00e9rifi\u00e9s \u00e0 l\u2019aide d\u2019un service automatis\u00e9 de d\u00e9tection des commentaires ind\u00e9sirables.<\/p>\n\n\n\n<h2 class=\"wp-block-heading\">Conditions g\u00e9n\u00e9rales<\/h2>\n\n\n\n<p><a rel=\"noreferrer noopener\" href=\"http:\/\/deloxygene.fr\" target=\"_blank\">www.<\/a><a rel=\"noreferrer noopener\" href=\"http:\/\/deloxygene.fr\" target=\"_blank\">d<\/a><a rel=\"noreferrer noopener\" href=\"http:\/\/deloxygene.fr\" target=\"_blank\">e<\/a><a rel=\"noreferrer noopener\" href=\"http:\/\/deloxygene.fr\" target=\"_blank\">l<\/a><a rel=\"noreferrer noopener\" href=\"http:\/\/deloxygene.fr\" target=\"_blank\">o<\/a><a rel=\"noreferrer noopener\" href=\"http:\/\/deloxygene.fr\" target=\"_blank\">x<\/a><a rel=\"noreferrer noopener\" href=\"http:\/\/deloxygene.fr\" target=\"_blank\">y<\/a><a rel=\"noreferrer noopener\" href=\"http:\/\/deloxygene.fr\" target=\"_blank\">g<\/a><a rel=\"noreferrer noopener\" href=\"http:\/\/deloxygene.fr\" target=\"_blank\">e<\/a><a rel=\"noreferrer noopener\" href=\"http:\/\/deloxygene.fr\" target=\"_blank\">n<\/a><a rel=\"noreferrer noopener\" href=\"http:\/\/deloxygene.fr\" target=\"_blank\">e<\/a><a rel=\"noreferrer noopener\" href=\"http:\/\/deloxygene.fr\" target=\"_blank\">.fr<\/a> est le site internet officiel des \u00e9lus du grope Oxyg\u00e8ne au conseil municipal de L&rsquo;Isle-Adam et du conseil communautaire de la communaut\u00e9 de communes de la Vall\u00e9e de l&rsquo;Oise et des 3 For\u00eats.<\/p>\n\n\n\n<p><strong>Responsable de la Publication :&nbsp;<\/strong>Madame Carine PELEGRIN<\/p>\n\n\n\n<p><strong>Hebergement :&nbsp;<\/strong>OVH&nbsp;2 rue Kellerman. BP 80157 59100 Roubaix<\/p>\n\n\n\n<p><strong>Conception \/ R\u00e9alisation :&nbsp;<\/strong>Ce site a \u00e9t\u00e9 r\u00e9alis\u00e9 par l\u2019\u00e9quipe d\u2019Oxyg\u00e8ne pour Madame Carine, Pelegrin, Madame Claudine Muller et Monsieur Edwin Legris sur la base du CMS&nbsp;<a href=\"http:\/\/www.wordpress.org\/\" target=\"_blank\" rel=\"noopener\">WordPress<\/a>.<\/p>\n\n\n\n<p><strong>Licence :&nbsp;<\/strong>Sauf mention contraire, tous les textes de ce site sont prot\u00e9g\u00e9s par la licence Creative Commons, ce qui signifie que vous \u00eates libres de reproduire, distribuer et communiquer cette cr\u00e9ation au public, \u00e0 condition d\u2019en mentionner la source.<\/p>\n\n\n\n<p><strong>Vie priv\u00e9e :&nbsp;<\/strong>Lors de sa navigation sur le site internet deloxygene.fr, l\u2019utilisateur peut \u00eatre amen\u00e9, s\u2019il le souhaite, \u00e0 renseigner des formulaires comportant des donn\u00e9es \u00e0 caract\u00e8re personnel, telles que d\u00e9finies aux termes de l\u2019article 2 de la loi du 6 janvier 1978, modifi\u00e9e par la loi du 6 ao\u00fbt 2004.<\/p>\n\n\n\n<p>Les informations ainsi recueillies font l\u2019objet d\u2019un traitement informatique permettant de faire conna\u00eetre l\u2019actualit\u00e9 des \u00e9lus du groupe Oxyg\u00e8ne.&nbsp;<\/p>\n\n\n\n<p>Le responsable du traitement s\u2019engage \u00e0 prendre toutes les mesures n\u00e9cessaires afin de pr\u00e9server l\u2019int\u00e9grit\u00e9 des donn\u00e9es et pr\u00e9venir toute utilisation abusive de ces derni\u00e8res.<\/p>\n\n\n\n<p>Conform\u00e9ment aux dispositions de la loi du 6 janvier 1978, modifi\u00e9e par la loi du 6 ao\u00fbt 2004, vous disposez d\u2019un droit d\u2019opposition (article 38), d\u2019acc\u00e8s (article 39) et de rectification (article 40) s\u2019agissant des informations qui vous concernent. Si vous souhaitez obtenir communication de ces informations et solliciter des mesures de correction ou d\u2019effacement, il vous suffit d\u2019adresser un courriel \u00e0&nbsp;<a href=\"mailto:contact@deloxygene.fr\" data-type=\"mailto\" data-id=\"mailto:contact@deloxygene.fr\" target=\"_blank\" rel=\"noreferrer noopener\">contact@deloxygene.fr<\/a>&nbsp;<\/p>\n\n\n\n<p>L\u2019utilisateur est inform\u00e9 de ce que le site deloxygene.fr et\/ou des prestataires peuvent d\u00e9poser des cookies dans son ordinateur. Ces outils ne comportent aucune donn\u00e9e nominative et sont utilis\u00e9s uniquement \u00e0 des fins statistiques.<\/p>\n\n\n\n<p>Si l\u2019utilisateur constate une faille de s\u00e9curit\u00e9 ou tout autre probl\u00e8me avec le fonctionnement de ce site il peut en informer l\u2019administrateur par mail :&nbsp;<a href=\"mailto:contact@carinepelegrin.fr\"><\/a><a href=\"mailto:contact@deloxygene.fr\" data-type=\"mailto\" data-id=\"mailto:contact@deloxygene.fr\">contact@deloxygene.fr<\/a>&nbsp;<\/p>\n\n\n\n<p>Les donn\u00e9es \u00e0 caract\u00e8re personnel communiqu\u00e9es sur le site web http:\/\/www.deloxygene.fr (ci-apr\u00e8s le \u00ab site \u00bb) sont collect\u00e9es et trait\u00e9es par les conseillers municipaux du groupe Oxyg\u00e8ne (ci-apr\u00e8s l\u2019\u00e9diteur), dans le respect des dispositions de la loi Informatique et Libert\u00e9s n\u00b078\u201017 du 6 janvier 1978 modifi\u00e9e et du R\u00e8glement Europ\u00e9en 2016-\/679 du 27 avril 2016 et en application de la pr\u00e9sente politique de confidentialit\u00e9.<\/p>\n\n\n\n<p>L\u2019\u00e9diteur ne collecte que les donn\u00e9es \u00e0 caract\u00e8re personnel que les utilisateurs du site lui fournissent volontairement (ci-apr\u00e8s \u00ab vous \u00bb) notamment en remplissant les formulaires qui se trouvent sur son site ou lorsqu\u2019ils s\u2019inscrivent aux diff\u00e9rents \u00e9v\u00e8nements propos\u00e9s et\/ou acc\u00e8dent aux pages permettant la r\u00e9servation en ligne d\u2019invitations \u00e0 l\u2019\u00e9v\u00e9nement (notamment les nom, pr\u00e9nom, genre, nationalit\u00e9, soci\u00e9t\u00e9, fonction, num\u00e9ro de t\u00e9l\u00e9phone, adresse postale, adresse \u00e9lectronique (ci-apr\u00e8s les \u00ab donn\u00e9es \u00e0 caract\u00e8re personnel \u00bb).<\/p>\n\n\n\n<h3 class=\"wp-block-heading\">UTILISATION DES DONNEES A CARACTERE PERSONNEL PAR L\u2019EDITEUR<\/h3>\n\n\n\n<p>Vos donn\u00e9es \u00e0 caract\u00e8re personnel sont utilis\u00e9es par l\u2019\u00e9diteur pour vous pour vous adresser toute documentation (newsletter, \u2026) que vous pourriez solliciter et plus g\u00e9n\u00e9ralement, pour vous tenir inform\u00e9 des activit\u00e9s de l\u2019\u00e9diteur. Ces donn\u00e9es \u00e0 caract\u00e8re personnel peuvent aussi \u00eatre utilis\u00e9es pour vous inviter \u00e0 vous inscrire \u00e0 tout nouvel \u00e9v\u00e8nement organis\u00e9 par ses soins.<\/p>\n\n\n\n<h3 class=\"wp-block-heading\">DESTINATAIRES DE VOS DONNEES A CARACTERE PERSONNEL<\/h3>\n\n\n\n<p>L\u2019\u00e9diteur pourra partager les donn\u00e9es \u00e0 caract\u00e8re personnel que vous lui communiquez, en tant que de besoin, avec ses partenaires et sous-traitants et pour les seuls besoins de cette organisation et finalit\u00e9s d\u00e9crites au paragraphe pr\u00e9c\u00e9dent. Dans ce cas, l\u2019\u00e9diteur s\u2019assure que ses partenaires et sous-traitants traitent vos donn\u00e9es conform\u00e9ment aux dispositions de la pr\u00e9sente politique de confidentialit\u00e9.<\/p>\n\n\n\n<p>L\u2019\u00e9diteur s\u2019engage \u00e0 ne jamais vendre, louer, ni confier \u00e0 des tiers autres que les partenaires ou fournisseurs vos donn\u00e9es \u00e0 caract\u00e8re personnel, except\u00e9 en r\u00e9ponse \u00e0 une proc\u00e9dure judiciaire ou administrative de toute nature ou pour se conformer \u00e0 des obligations l\u00e9gales et prot\u00e9ger ses droits.<\/p>\n\n\n\n<h3 class=\"wp-block-heading\">TRANSMISSION DE COURRIEL<\/h3>\n\n\n\n<p>Quand vous envoyez \u00e0 l\u2019\u00e9diteur des donn\u00e9es \u00e0 caract\u00e8re personnel via courriel, l\u2019\u00e9diteur les utilise pour r\u00e9pondre \u00e0 votre demande. L\u2019\u00e9diteur se r\u00e9serve le droit de transmettre votre courriel \u00e0 d\u2019autres employ\u00e9s mieux \u00e0 m\u00eame de r\u00e9pondre \u00e0 vos questions. L\u2019\u00e9diteur ne transmet pas les adresses de courriel ainsi collect\u00e9es \u00e0 une tierce partie. Les informations r\u00e9colt\u00e9es via courriel seront conserv\u00e9es aussi longtemps que n\u00e9cessaire pour r\u00e9pondre \u00e0 vos questions.<\/p>\n\n\n\n<h3 class=\"wp-block-heading\">TRANSFERT DE VOS DONNEES A CARACTERE PERSONNEL A L\u2019\u00c9TRANGER<\/h3>\n\n\n\n<p>L\u2019\u00e9diteur est susceptible de transf\u00e9rer vos donn\u00e9es \u00e0 caract\u00e8re personnel en dehors de l\u2019Espace Economique Europ\u00e9en et s\u2019engage dans ce cas, conform\u00e9ment \u00e0 la l\u00e9gislation en vigueur, \u00e0 prendre toutes les mesures organisationnelles et techniques permettant d\u2019assurer un niveau de protection ad\u00e9quat de vos donn\u00e9es.<\/p>\n\n\n\n<p><strong>VOS DROITS<\/strong><br>Conform\u00e9ment aux articles 39 et 40 de la loi \u00ab Informatique et Libert\u00e9s \u00bb du 6 janvier 1978 modifi\u00e9e, vous disposez d\u2019un droit d\u2019acc\u00e8s, de modification et de suppression des donn\u00e9es que vous aurez renseign\u00e9es. Vous avez \u00e9galement la possibilit\u00e9 de vous opposer au traitement de vos donn\u00e9es \u00e0 caract\u00e8re personnel pour des raisons l\u00e9gitimes. Vous pouvez en outre adresser \u00e0 l\u2019\u00e9diteur des instructions sp\u00e9cifiques concernant l\u2019utilisation de vos donn\u00e9es apr\u00e8s votre d\u00e9c\u00e8s.<\/p>\n\n\n\n<p>Vous pouvez exercer ces droits en contactant l\u2019\u00e9diteur :<\/p>\n\n\n\n<p>Email :&nbsp;<a href=\"mailto:contact@deloxygene.fr\" data-type=\"mailto\" data-id=\"mailto:contact@deloxygene.fr\">contact@deloxygene.fr<\/a>&nbsp;<\/p>\n\n\n\n<p>Vous disposez du droit de saisir pour r\u00e9clamation l\u2019autorit\u00e9 administrative de contr\u00f4le comp\u00e9tente (en France, la CNIL), nous vous invitons toutefois \u00e0 nous contacter avant de saisir la CNIL \u00e0 votre demande.<\/p>\n\n\n\n<p>Vos donn\u00e9es \u00e0 caract\u00e8re personnel seront conserv\u00e9es durant la p\u00e9riode n\u00e9cessaire au traitement et au suivi de votre inscription et en conformit\u00e9 avec la r\u00e9glementation applicable.&nbsp;<\/p>\n\n\n\n<p><strong>LIENS VERS DES SITES EXT\u00c9RIEURS<\/strong><br>Certains liens du site vous guident vers un site ext\u00e9rieur. Les sites li\u00e9s \u00e0 celui de l\u2019\u00e9diteur ne sont pas sous le contr\u00f4le de l\u2019\u00e9diteur et cette derni\u00e8re n\u2019est en aucun cas responsable du contenu ou des liens que vous pourriez y trouver. L\u2019\u00e9diteur se r\u00e9serve le droit de retirer de son site tout lien vers un site ext\u00e9rieur, \u00e0 tout moment et pour toute raison qui lui semblera appropri\u00e9e.<\/p>\n\n\n\n<p><strong>MODIFICATION DE LA POLITIQUE DE CONFIDENTIALIT\u00c9<\/strong><br>La pr\u00e9sente politique de confidentialit\u00e9 pourra \u00eatre modifi\u00e9e par L\u2019\u00e9diteur au gr\u00e9 des \u00e9volutions des fonctionnalit\u00e9s du site et des services offerts ainsi que des lois applicables aux activit\u00e9s de l\u2019\u00e9diteur. Il vous appartient de v\u00e9rifier les \u00e9ventuelles mises \u00e0 jour de cette politique de confidentialit\u00e9 post\u00e9es sur le site.<\/p>\n\n\n\n<p>Bonne navigation !<\/p>\n","protected":false},"excerpt":{"rendered":"<p>Qui sommes-nous&nbsp;? L\u2019adresse de notre site est&nbsp;: http:\/\/deloxygene.fr. Commentaires Quand vous laissez un commentaire sur notre site, les donn\u00e9es inscrites dans le formulaire de commentaire, mais aussi votre adresse IP &#8230;<\/p>\n","protected":false},"author":1,"featured_media":0,"parent":0,"menu_order":0,"comment_status":"closed","ping_status":"closed","template":"","meta":{"footnotes":""},"class_list":["post-3","page","type-page","status-publish","hentry"],"_links":{"self":[{"href":"https:\/\/deloxygene.fr\/index.php\/wp-json\/wp\/v2\/pages\/3","targetHints":{"allow":["GET"]}}],"collection":[{"href":"https:\/\/deloxygene.fr\/index.php\/wp-json\/wp\/v2\/pages"}],"about":[{"href":"https:\/\/deloxygene.fr\/index.php\/wp-json\/wp\/v2\/types\/page"}],"author":[{"embeddable":true,"href":"https:\/\/deloxygene.fr\/index.php\/wp-json\/wp\/v2\/users\/1"}],"replies":[{"embeddable":true,"href":"https:\/\/deloxygene.fr\/index.php\/wp-json\/wp\/v2\/comments?post=3"}],"version-history":[{"count":0,"href":"https:\/\/deloxygene.fr\/index.php\/wp-json\/wp\/v2\/pages\/3\/revisions"}],"wp:attachment":[{"href":"https:\/\/deloxygene.fr\/index.php\/wp-json\/wp\/v2\/media?parent=3"}],"curies":[{"name":"wp","href":"https:\/\/api.w.org\/{rel}","templated":true}]}}